ultiple of 1266?
False
Does 252 divide 454944584?
False
Is 207 a factor of 2032372827?
False
Does 95 divide 300791945?
True
Is 30547685 a multiple of 35?
True
Is 111 a factor of 96896829?
False
Does 161 divide 297687372?
False
Does 34 divide 1261302148?
True
Is 2108382554 a multiple of 216?
False
Is 4679060895 a multiple of 2685?
True
Is 153775117 a multiple of 11?
False
Is 50014940 a multiple of 1003?
False
Is 34693488 a multiple of 27?
True
Is 40 a factor of 189438088?
False
Is 244 a factor of 5465404?
False
Is 1392507417 a multiple of 5055?
False
Is 129838122 a multiple of 7?
False
Is 331 a factor of 318100755?
False
Does 586 divide 728655840?
True
Is 22538876 a multiple of 8?
False
Is 101750719 a multiple of 19?
True
Does 61 divide 20538944?
True
Is 4776519240 a multiple of 1044?
True
Is 65824571 a multiple of 241?
True
Is 1626903581 a multiple of 1922?
False
Is 15767479 a multiple of 110?
False
Is 115348954 a multiple of 14?
True
Is 25 a factor of 6626661?
False
Is 478913237 a multiple of 31?
False
Does 356 divide 2830064349?
False
Does 8 divide 693669808?
True
Is 122684680 a multiple of 243?
False
Is 1423 a factor of 569354405?
False
Is 932835475 a multiple of 425?
True
Is 14587412 a multiple of 1228?
True
Is 41116822 a multiple of 47?
True
Does 3289 divide 121512105?
True
Is 352774191 a multiple of 77?
True
Is 128301114 a multiple of 1783?
True
Is 33247256 a multiple of 172?
True
Is 1113497060 a multiple of 310?
True
Is 60 a factor of 180764580?
True
Is 8 a factor of 270586597?
False
Is 16126630 a multiple of 38?
True
Is 10371 a factor of 4140051345?
True
Is 51 a factor of 17291619?
False
Is 147 a factor of 1829370?
False
Is 75197769 a multiple of 969?
False
Is 12879717 even?
False
Does 733 divide 135597670?
True
Is 46909008 a multiple of 3?
True
Is 297757322 a multiple of 3494?
False
Does 17 divide 33810909?
True
Is 99297838 a multiple of 81?
False
Is 122767800 a multiple of 60?
True
Is 19 a factor of 38864032?
False
Is 191 a factor of 637653500?
True
Is 14 a factor of 169445?
False
Is 14 a factor of 565370686?
False
Is 60 a factor of 127068660?
True
Is 418139010 a multiple of 1467?
True
Is 130 a factor of 182662220?
True
Is 76296766 a multiple of 1648?
False
Is 63 a factor of 10112446?
False
Does 266 divide 411055556?
False
Does 2184 divide 37756992?
True
Is 1148280 a multiple of 91?
False
Does 1756 divide 17960368?
True
Does 4218 divide 610774836?
True
Does 400 divide 114151200?
True
Does 20 divide 48255676?
False
Is 51191210 a multiple of 158?
True
Is 136019696 a multiple of 592?
True
Does 593 divide 1419427927?
True
Is 535 a factor of 227037560?
False
Is 17 a factor of 1469566745?
False
Does 169 divide 10282307?
False
Is 147 a factor of 6866409?
False
Is 6 a factor of 35718807?
False
Does 754 divide 17342?
True
Does 502 divide 811815826?
True
Is 130413898 a multiple of 1453?
False
Is 1175875210 a multiple of 7?
False
Does 17 divide 59416972?
True
Does 13 divide 4397705?
True
Does 511 divide 1636115347?
False
Is 87 a factor of 1679074161?
True
Does 243 divide 669884510?
False
Does 61 divide 970300793?
False
Does 51 divide 274316098?
False
Is 267 a factor of 47492528?
False
Is 52131615 a multiple of 93?
True
Does 6 divide 657830445?
False
Does 16 divide 1500372459?
False
Does 112 divide 1301143088?
True
Is 16 a factor of 1863335662?
False
Is 752740201 a multiple of 28?
False
Does 125 divide 48409207?
False
Does 1006 divide 16020550?
True
Is 20 a factor of 571262020?
True
Is 284038256 a multiple of 6305?
False
Does 23 divide 711653776?
False
Is 1812446 a multiple of 17?
False
Does 9 divide 728154?
True
Is 14 a factor of 52679732?
True
Is 3961 a factor of 2399847109?
True
Is 89 a factor of 33249810?
False
Is 770467312 a multiple of 16?
True
Is 535765810 a multiple of 220?
False
Is 477 a factor of 145905314?
False
Is 1356144 a multiple of 38?
True
Does 3 divide 17198160?
True
Is 10705530 a multiple of 12?
False
Is 81 a factor of 138683664?
True
Does 30 divide 655650?
True
Does 326 divide 50611252?
False
Does 3509 divide 2398327811?
True
Is 702 a factor of 90184?
False
Does 124 divide 6694583?
False
Is 39020651 a multiple of 39?
False
Is 43401774 a multiple of 611?
True
Is 1670469977 a multiple of 43?
True
Is 37 a factor of 700334326?
False
Is 243 a factor of 173032432?
False
Does 35 divide 20781801?
False
Is 65 a factor of 118201764?
False
Does 1080 divide 18068368?
False
Does 97 divide 106546432?
False
Is 696892832 a multiple of 17?
True
Is 249 a factor of 68802435?
True
Is 257 a factor of 175576393?
False
Is 5292 a factor of 517398840?
True
Is 26015886 a multiple of 117?
True
Is 16 a factor of 81050000?
True
Is 5259007187 a multiple of 8049?
False
Is 386742422 a multiple of 2542?
True
Is 4 a factor of 160756619?
False
Is 10 a factor of 8701565?
False
Is 252380424 a multiple of 16?
False
Does 189 divide 9647883?
True
Is 21373887 a multiple of 143?
False
Is 1055 a factor of 380984205?
False
Is 32272128 a multiple of 756?
True
Is 128 a factor of 19949568?
True
Is 236 a factor of 14087784?
True
Is 32 a factor of 70751712?
True
Is 218888968 a multiple of 76?
True
Does 1164 divide 39055692?
True
Is 51336200 a multiple of 1814?
True
Is 90 a factor of 227413788?
False
Does 17 divide 38155463?
True
Does 71 divide 161434953?
False
Is 11163070 a multiple of 13?
False
Is 659704266 a multiple of 6123?
True
Is 14 a factor of 5335393024?
False
Is 2475902739 a multiple of 125?
False
Is 25 a factor of 8334097?
False
Is 45450285 a multiple of 5?
True
Is 73 a factor of 693970043?
False
Is 32889576 a multiple of 1362?
True
Does 208 divide 221510850?
False
Is 62676453 a multiple of 679?
True
Is 70 a factor of 6738620?
True
Does 19 divide 823064?
False
Does 1809 divide 52115481?
True
Does 1528 divide 338092920?
True
Is 26 a factor of 1004379142?
True
Is 139694402 a multiple of 23?
False
Is 650 a factor of 1012796?
False
Does 32 divide 83549536?
True
Does 4952 divide 3130538365?
False
Is 1126301043 a multiple of 3?
True
Is 189914068 a multiple of 43?
False
Is 1379 a factor of 142145684?
False
Is 64 a factor of 9458176?
True
Is 6766173 a multiple of 30?
False
Is 144 a factor of 46441480?
False
Is 66019206 a multiple of 187?
False
Is 1220 a factor of 638343040?
True
Does 2585 divide 44826485?
True
Does 7711 divide 1877158129?
True
Is 44 a factor of 11161356?
False
Does 263 divide 54814654?
False
Is 16728 a factor of 352288497?
False
Is 306811543 a multiple of 26?
False
Is 414 a factor of 8605404?
True
Is 1068 a factor of 2985161460?
True
Does 61 divide 1911528316?
False
Is 28 a factor of 36262884?
True
Is 116553688 a multiple of 6?
False
Is 11374374 a multiple of 23?
True
Is 4432168750 a multiple of 625?
True
Is 1463882108 a multiple of 52?
True
Is 6770 a factor of 1296421150?
True
Is 4 a factor of 2474552?
True
Is 1796 a factor of 57261533?
False
Is 8 a factor of 550482123?
False
Does 91 divide 64691263?
True
Is 30901741 a multiple of 12?
False
Does 3921 divide 327709338?
True
Does 222 divide 13381081?
False
Is 148 a factor of 554093886?
False
Is 5056965753 a multiple of 2452?
False
Does 19 divide 451500328?
False
Is 11745192 a multiple of 7?
False
Is 500 a factor of 182934500?
True
Is 10 a factor of 9442520?
True
Is 8 a factor of 27971341?
False
Is 8 a factor of 373331920?
True
Does 221 divide 33978529?
True
Is 123996798 a multiple of 54?
True
Is 19 a factor of 4036737?
False
Is 51773998 a multiple of 154?
False
Does 1048 divide 17759274?
False
Is 417216411 a multiple of 1675?
False
Is 1164488304 a multiple of 15?
False
Does 263 divide 41215808?
False
Is 5259 a factor of 95487663?
True
Is 15349522 a multiple of 16?
False
Is 7563 a factor of 868260473?
False
Is 1804102911 a multiple of 13?
True
Does 13 divide 14148784?
True
Does 7209 divide 1473581497?
False
Is 1265830797 a multiple of 12340?
False
Is 166776291 a multiple of 3857?
False
Is 199 a factor of 102012972?
True
Does 22 divide 30570556?
False
Is 9 a factor of 153455508?
True
Does 30 divide 231030000?
True
Does 435 divide 296775705?
True
Is 1620 a factor of 20648279?
False
Is 1846 a factor of 1744784492?
False
Is 295 a factor of 338854692?
False
Is 31 a factor of 507409612?
True
Does 111 divide 40408995?
True
Is 88 a factor of 1438941993?
False
Is 15 a factor of 50929219?
False
Does 12926 divide